se
Does 11 divide 383964603?
True
Does 37 divide 233244596?
True
Is 53 a factor of 147528998?
True
Is 44203474 a multiple of 9?
False
Is 13 a factor of 170211496?
True
Is 1920 a factor of 2753740800?
True
Does 123 divide 58634223?
True
Does 22 divide 72650241?
False
Is 12645714 a multiple of 1137?
True
Is 11247408 a multiple of 37?
True
Is 26498160 a multiple of 130?
True
Is 760 a factor of 121488977?
False
Is 1951336030 a multiple of 1491?
False
Does 2 divide 73799664?
True
Does 163 divide 70828390?
True
Is 24 a factor of 26137944?
True
Is 265 a factor of 578758410?
True
Is 13 a factor of 413834921?
False
Is 256813752 a multiple of 312?
True
Is 298239656 a multiple of 17?
False
Is 125578425 a multiple of 75?
True
Does 716 divide 269004064?
True
Does 106 divide 1027281404?
True
Is 3226849708 a multiple of 880?
False
Does 187 divide 452418824?
True
Does 13 divide 11558812?
False
Does 25 divide 664515893?
False
Does 5 divide 8923408?
False
Is 95 a factor of 2295390?
True
Is 37189505 a multiple of 864?
False
Does 307 divide 178712272?
False
Is 41 a factor of 88228474?
True
Is 1599 a factor of 214589123?
False
Is 28 a factor of 336337827?
False
Does 9 divide 77026162?
False
Is 43297964 a multiple of 295?
False
Is 15765266 a multiple of 1663?
False
Does 1244 divide 9035172?
True
Is 1130 a factor of 35807440?
True
Is 23276966 a multiple of 29?
True
Is 45 a factor of 27745242?
False
Is 717712792 a multiple of 1621?
False
Does 426 divide 40254018?
True
Does 401 divide 2572167984?
True
Is 1164661397 a multiple of 92?
False
Does 3924 divide 111437676?
True
Is 6855612 a multiple of 672?
False
Does 257 divide 1350535?
True
Is 587547 a multiple of 10?
False
Is 2 a factor of 1392944?
True
Is 51 a factor of 148394937?
False
Is 924 a factor of 929302836?
True
Is 4351004 a multiple of 16?
False
Is 1586690755 a multiple of 271?
False
Is 14994462 a multiple of 1603?
True
Is 15692 a factor of 4008909757?
False
Is 4807159 a multiple of 83?
False
Is 113334661 a multiple of 2545?
False
Is 194 a factor of 236772156?
False
Does 2499 divide 1771999630?
False
Is 54 a factor of 1950048?
True
Does 4 divide 29670165?
False
Is 400 a factor of 28463999?
False
Is 72754500 a multiple of 700?
True
Is 10893400 a multiple of 4?
True
Does 360 divide 156190548?
False
Is 1417 a factor of 93089815?
True
Is 753489680 a multiple of 1735?
True
Is 548 a factor of 3886322234?
False
Does 119 divide 118863150?
True
Is 14064281 a multiple of 77?
True
Is 13 a factor of 231803936?
True
Is 4 a factor of 1256383?
False
Is 4025091 a multiple of 7?
True
Does 32 divide 8450496?
True
Is 13957923 a multiple of 2?
False
Is 55 a factor of 42364773?
False
Is 64 a factor of 51262848?
True
Is 13 a factor of 3182353355?
False
Is 2401 a factor of 70480797?
False
Does 12 divide 13669551?
False
Is 442199160 a multiple of 95?
True
Does 171 divide 611870319?
True
Is 385304181 a multiple of 26?
False
Does 44 divide 1017303416?
False
Is 128 a factor of 22362929?
False
Is 16 a factor of 154155504?
True
Is 278844510 a multiple of 210?
True
Is 4867650454 a multiple of 186?
False
Does 39 divide 82144227?
False
Is 21992614 a multiple of 406?
True
Is 186574491 a multiple of 668?
False
Is 76299498 a multiple of 6?
True
Does 202 divide 4665796?
True
Is 195767635 a multiple of 469?
True
Is 24 a factor of 974976?
True
Does 203 divide 156343010?
False
Does 305 divide 991164905?
True
Is 9 a factor of 241719431?
False
Does 68 divide 33070215?
False
Does 276 divide 645340?
False
Is 237146776 a multiple of 122?
False
Is 11404116 a multiple of 834?
True
Does 946 divide 1071333648?
True
Is 12 a factor of 340780632?
True
Does 73 divide 27624480?
False
Is 48172069 a multiple of 18?
False
Does 452 divide 494431052?
False
Is 350429170 a multiple of 26?
True
Is 68 a factor of 57896866?
False
Is 14 a factor of 75906057?
False
Does 6045 divide 884897325?
True
Is 48 a factor of 32543135?
False
Does 30 divide 48804450?
True
Is 812604297 a multiple of 521?
False
Is 99641956 a multiple of 404?
False
Does 301 divide 311464566?
True
Is 110 a factor of 157821180?
True
Is 5 a factor of 242694030?
True
Is 23184113 a multiple of 26?
False
Does 61 divide 1027484976?
True
Is 877302 a multiple of 102?
True
Is 683248756 a multiple of 627?
False
Does 3 divide 2031104?
False
Does 11 divide 6585013?
False
Does 658 divide 97729450?
True
Does 356 divide 12924328?
False
Is 698937219 a multiple of 284?
False
Is 11 a factor of 428959344?
True
Does 2199 divide 14838458?
False
Does 20 divide 24773931?
False
Is 137496096 a multiple of 216?
True
Is 1195094324 a multiple of 37?
False
Is 38241412 a multiple of 6?
False
Is 365609374 a multiple of 1091?
True
Is 807838625 a multiple of 1633?
False
Is 3613621015 a multiple of 16?
False
Does 433 divide 514012135?
True
Is 5523883652 a multiple of 818?
True
Is 325316352 a multiple of 17?
True
Is 51 a factor of 11987357?
False
Does 36 divide 439113148?
False
Does 59 divide 2491098?
True
Does 140 divide 51308880?
True
Is 644 a factor of 4478890393?
False
Does 4 divide 432937814?
False
Is 12099472 a multiple of 16?
True
Does 491 divide 1741283933?
False
Does 13 divide 1897114260?
False
Does 22 divide 41614914?
True
Is 1515 a factor of 265957419?
False
Does 46 divide 38616494?
True
Does 200 divide 197607498?
False
Is 2616 a factor of 32103552?
True
Is 256495108 a multiple of 107?
False
Is 2627924545 a multiple of 5?
True
Does 1260 divide 311252760?
True
Is 29937883 a multiple of 64?
False
Is 114 a factor of 50261802?
True
Does 5 divide 93054849?
False
Is 244615140 a multiple of 1980?
True
Is 56 a factor of 15313880?
False
Is 22446555 a multiple of 2487?
False
Does 32 divide 847600757?
False
Is 422031250 a multiple of 365?
True
Does 2114 divide 1925854?
True
Is 2366910 a multiple of 315?
True
Is 10 a factor of 239975?
False
Does 5 divide 10207185?
True
Is 2394 a factor of 1723562755?
False
Is 143838640 a multiple of 2665?
False
Is 24 a factor of 67365766?
False
Does 60 divide 42917120?
False
Does 3 divide 3565849?
False
Is 858 a factor of 3037734811?
False
Does 434 divide 14933506?
True
Does 25 divide 2444582564?
False
Is 46 a factor of 22311978?
True
Is 191387471 a multiple of 11?
True
Does 1299 divide 129429170?
False
Does 11 divide 877311076?
False
Does 215 divide 5994080588?
False
Is 7002 a factor of 2921870591?
False
Does 268 divide 410609166?
False
Does 116 divide 7721441?
False
Is 530802568 a multiple of 11?
False
Is 96 a factor of 1295863396?
False
Is 174106740 a multiple of 135?
False
Is 87 a factor of 88855460?
False
Is 135 a factor of 1119351285?
True
Does 155 divide 12208265?
True
Does 127 divide 7748905?
True
Does 131 divide 9363347?
False
Is 10877378 a multiple of 130?
False
Is 32 a factor of 23707364?
False
Is 4 a factor of 52529016?
True
Is 3 a factor of 19356694?
False
Is 12 a factor of 1421311409?
False
Is 382 a factor of 60808670?
True
Is 111 a factor of 40688493?
True
Is 681573 a multiple of 37?
False
Does 4 divide 14524153?
False
Is 98 a factor of 52372500?
False
Does 6 divide 51990967?
False
Does 9 divide 225074475?
True
Does 14 divide 51348632?
False
Is 800872195 a multiple of 8?
False
Is 6880880 a multiple of 20?
True
Does 4 divide 32092586?
False
Does 45 divide 98302912?
False
Is 45 a factor of 519679755?
True
Is 18 a factor of 3103154388?
True
Does 11 divide 167497179?
False
Does 1010 divide 2245578450?
True
Is 25 a factor of 232315182?
False
Does 292 divide 125607304?
True
Does 6 divide 1185195776?
False
Does 12 divide 336565771?
False
Does 2679 divide 55225685?
False
Is 678346769 a multiple of 478?
False
Does 586 divide 60610056?
False
Is 2441 a factor of 109441419?
False
Is 8057208 a multiple of 97?
True
Is 262 a factor of 6471550?
False
Does 13 divide 89396021?
True
Does 48 divide 1000291145?
False
Is 4 a factor of 75721408?
True
Is 1196818038 a multiple of 2834?
True
Is 101 a factor of 193900608?
True
Is 15 a factor of 282959745?
True
Is 479 a factor of 2366104325?
True
Does 54 divide 801953838?
True
Does 7 divide 109582907?
True
Is 317343206 a multiple of 19?
True
Is 1993769180 a multiple of 260?
True
Does 10 divide 25062664?
False
Does 1654 divide 49926467?
False
Is 172043511 a multiple of 4207?
False
Is 19 a factor of 55055630?
False
Is 4 a factor of 37219756?
True
Does 2013 divide 34297